16, what is -4 - 23a?
-23e
In base 16, what is 0 - 7cd?
-7cd
In base 5, what is -313 + -4?
-322
In base 10, what is 8055 + -5?
8050
In base 10, what is -1 - -4607?
4606
In base 4, what is -10 - 303?
-313
In base 13, what is -9 + -5ab?
-5b7
In base 16, what is 0 - -750?
750
In base 9, what is -8844 + -1?
-8845
In base 13, what is a - -297?
2a4
In base 2, what is -10 + 100?
10
In base 14, what is 2 + 2921?
2923
In base 15, what is 2 - be?
-bc
In base 8, what is 151 - -14?
165
In base 15, what is 0 - -11b3?
11b3
In base 6, what is -20 + -50?
-110
In base 8, what is 5 + 60?
65
In base 11, what is 8a - -12?
a1
In base 15, what is 3c - -12?
4e
In base 14, what is 79 - -22?
9b
In base 14, what is 3 + -1608?
-1605
In base 3, what is 1120 - -10222?
12112
In base 16, what is 2 + 268?
26a
In base 11, what is -12 + 15?
3
In base 6, what is -131 - 21?
-152
In base 6, what is 14 + -33?
-15
In base 16, what is 4 - e91?
-e8d
In base 9, what is -10 + -216?
-226
In base 11, what is 134 + 3?
137
In base 8, what is 3 + -6407?
-6404
In base 5, what is -14 + 402?
333
In base 13, what is -353 + -13?
-366
In base 3, what is 12110 + -10?
12100
In base 3, what is 122 - -2112?
10011
In base 3, what is 110002 - -120?
110122
In base 11, what is 0 - -77?
77
In base 3, what is 20010112 - 12?
20010100
In base 6, what is 11522 + 4?
11530
In base 2, what is 1110 + 11?
10001
In base 15, what is -a90 + 2?
-a8d
In base 6, what is -5530 - -4?
-5522
In base 12, what is -4 - aaa?
-ab2
In base 5, what is 4 + -3112?
-3103
In base 6, what is 314444 + -4?
314440
In base 12, what is -4 + 66?
62
In base 11, what is -2 + -2a88?
-2a8a
In base 13, what is -1c + -50?
-6c
In base 9, what is 4 + -4853?
-4848
In base 15, what is -73 + -8?
-7b
In base 13, what is -61 - -19?
-45
In base 4, what is 20 + -1331?
-1311
In base 7, what is -4 + -1536?
-1543
In base 6, what is -1142 - -3?
-1135
In base 3, what is 100102 - 12?
100020
In base 16, what is a95 + -5?
a90
In base 14, what is -6 + -3?
-9
In base 9, what is 2346 - 4?
2342
In base 4, what is -223 - -23?
-200
In base 12, what is 2 - -42?
44
In base 14, what is -3 - 117?
-11a
In base 4, what is -30233 - 23?
-30322
In base 11, what is -3 + 298?
295
In base 3, what is 10 + 21?
101
In base 15, what is -25a - 1a?
-275
In base 10, what is 0 + 108?
108
In base 16, what is -1b + -35?
-50
In base 9, what is 2 + 605?
607
In base 14, what is dc + 4?
102
In base 13, what is -6c - 0?
-6c
In base 9, what is -8 + -4?
-13
In base 8, what is 1314 - 0?
1314
In base 3, what is 11 + -1002001?
-1001220
In base 15, what is -2e5 - -3?
-2e2
In base 12, what is -2 + 118?
116
In base 4, what is 3 - 333?
-330
In base 11, what is 54 - -11?
65
In base 6, what is -25 - 0?
-25
In base 14, what is 6 - 33b?
-335
In base 14, what is 6d1 + 4?
6d5
In base 10, what is -420 - -9?
-411
In base 7, what is -2 + -122?
-124
In base 16, what is 527 - -2?
529
In base 2, what is -111 - 1101000?
-1101111
In base 11, what is -2 + -3?
-5
In base 15, what is -3bc - -4?
-3b8
In base 2, what is 0 - -1000100110?
1000100110
In base 4, what is -112 - -2?
-110
In base 10, what is -109 + -2?
-111
In base 13, what is 9 + 72?
7b
In base 3, what is -101011 - 2?
-101020
In base 5, what is 1 + -310203?
-310202
In base 16, what is -425 - 4?
-429
In base 6, what is 3 + 1550?
1553
In base 13, what is 19 - -47?
63
In base 14, what is 25 - -4?
29
In base 7, what is 4 + -610?
-603
In base 16, what is 38 - 0?
38
In base 16, what is -f + -6?
-15
In base 3, what is -111202 + 2?
-111200
In base 15, what is 5e + -2?
5c
In base 14, what is -124 - 5a?
-180
In base 8, what is 27 - 161?
-132
In base 5, what is -2024 - 11?
-2040
In base 3, what is 22 - 1012?
-220
In base 6, what is 5 - 15?
-10
In base 5, what is 1 + -1404?
-1403
In base 5, what is -4 - -1334?
1330
In base 5, what is 2332 - -10?
2342
In base 4, what is -2 - 210203?
-210211
In base 13, what is -19 - -1b?
2
In base 7, what is -36 - -3?
-33
In base 10, what is 9 + 29?
38
In base 15, what is e98 + 0?
e98
In base 10, what is 1 - 5?
-4
In base 16, what is -be - 5?
-c3
In base 6, what is -2 + -10213?
-10215
In base 7, what is 11 - -104?
115
In base 9, what is -663 + -61?
-734
In base 6, what is -1125 - 3?
-1132
In base 15, what is 33 + 22?
55
In base 15, what is 2b8 + -4?
2b4
In base 8, what is 16 + -611?
-573
In base 2, what is 1 - 11000111?
-11000110
In base 4, what is -21001 - -10?
-20331
In base 9, what is 5 - 518?
-513
In base 2, what is 1000 + -101011?
-100011
In base 13, what is -9 - 7?
-13
In base 15, what is 116 + 1?
117
In base 11, what is 5 + -116?
-111
In base 13, what is 459 - 1?
458
In base 15, what is -7 + -1ca?
-1d2
In base 11, what is -7 + -587?
-593
In base 9, what is 62 - -113?
175
In base 5, what is 1021 + 0?
1021
In base 3, what is 0 - 12210?
-12210
In base 5, what is -2110 + -31?
-2141
In base 4, what is 2021121 + -2?
2021113
In base 2, what is 0 - 110101101101?
-110101101101
In base 5, what is -11 - -142?
131
In base 11, what is -426 - -2?
-424
In base 14, what is -16d - 2?
-171
In base 14, what is -56 - -3?
-53
In base 16, what is 23 + 3?
26
In base 16, what is -2 - -47?
45
In base 16, what is 8 + 3?
b
In base 15, what is -18 + -3d?
-56
In base 2, what is 11001 + -111?
10010
In base 14, what is 1 + -186?
-185
In base 5, what is 40 - -14?
104
In base 9, what is -78 - 7?
-86
In base 2, what is -11110010 + -110101?
-100100111
In base 8, what is 40 + 40?
100
In base 14, what is -79 + -66?
-101
In base 10, what is 3468 + 4?
3472
In base 14, what is c7 - -4?
cb
In base 8, what is 5 - -462?
467
In base 15, what is -5 - -2b6?
2b1
In base 5, what is 0 - 31314?
-31314
In base 13, what is -c9 + b?
-bb
In base 5, what is -440 + 13?
-422
In base 9, what is 11 - 5?
5
In base 2, what is 11010 + 10000?
101010
In base 10, what is -298 - 4?
-302
In base 16, what is 2f10 + -2?
2f0e
In base 15, what is -2 + -a8?
-aa
In base 7, what is 105 + 16?
124
In base 12, what is -53 + -12?
-65
In base 8, what is 5 + 3605?
3612
In base 16, what is 3 + -50?
-4d
In base 2, what is 1111100 - 10?
1111010
In base 4, what is 11212 + -31?
11121
In base 10, what is -59 + -16?
-75
In base 5, what is 224 - 441?
-212
In base 8, what is -5 - 3711?
-3716
In base 8, what is 1 - 1342?
-1341
In base 14, what is -16 + -3?
-19
In base 12, what is 63 + -2?
61
In base 14, what is -2b - -5?
-26
In base 7, what is 25560 + -3?
25554
In base 10, what is 22 + 647?
669
In base 12, what is -2b8a + 2?
-2b88
In base 16, what is 16e + 1?
16f
In base 3, what is 22212 - 2002?
20210
In base 7, what is -423 - 51?
-504
In base 9, what is -22 - 4?
-26
In base 4, what is 0 - 1022?
-1022
In base 13, what is 1 + -59b?
-59a
In base 9, what is -20566 - -2?
-20564
In base 13, what is c - 0?
c
In base 9, what is -47 + -3?
-51
In base 9, what is 8 - 3?
5
In base 7, what is 5 + -46?
-41
In base 2, what is -101 - 101010?
-101111
In base 7, what is 1 - -1300?
1301
In base 3, what is 11 - 20?
-2
In base 16, what is -15 - -9?
-c
In base 7, what is 4636 + 5?
4644
In base 9, what is -3 - 62?
-65
In base 7, what is 43561 + -1?
43560
In base 10, what is -5086 + 2?
-5084
In base 8, what is 17 + 175?
214
In base 10, what is 4 - 6?
-2
In base 8, what is -75 + 43?
-32
In base 14, what is 2 + 35?
37
In base 5, what is -14 - -1002?
433
In base 11, what is -622 + 5?
-618
In base 14, what is -8ca1 + -3?
-8ca4
In base 15, what is c8 + -3?
c5
In base 11, what is 1118 + 3?
1120
In base 9, what is -5 - 254?
-260
In base 8, what is 145 - 16?
127
In base 12, what is -9a - 0?
-9a
In base 15, what is -10 - 2b?
-3b
In base 5, what is 10 + 11324?
11334
In base 15, what is a7 - -8?
b0
In base 6, what is 2320 + 2?
2322
In base 16, what is 1 + -39?
-38
In base 16, what is -184f - -2?
-184d
In base 6, what is 41 + 11?
52
In base 10, what is 49 + 63?
112
In base 8, what is -5 + -1025?
-1032
In base 5, what is 4 - -44?
103
In base 7, what is -24 + 3?
-21
In base 15, what is -3 + -419?
-41c
In base 12, what is 1 + -8?
-7
In base 14, what is -2 + 43?
41
In base 2, what is -10011000000 + -10?
-10011000010
In base 16, what is -4 - -2c1?
2bd
In base 4, what is 13110 - 1?
13103
In base 12, what is 29 + 0?
29
In base 9, what is -6 - -50?
43
In base 3, what is 10 - -221?
1001
In base 4, what is 2300 + -1200?
1100
In base 13, what is 9c - -4?
a3
In bas